91 - y. List the prime factors of j.
389
Let j be -3 + 0/(1 - 3). Let y be (0 + 3)*j/((-3)/(-3)). What are the prime factors of -36*1*6/y?
2, 3
Let u(n) = 2*n + 56. Let p be u(-4). What are the prime factors of (p - 43) + 293*1?
2, 149
Let q(k) be the second derivative of 13*k**5/120 - 17*k**4/24 - 7*k**3/3 - 9*k. Let d(h) be the second derivative of q(h). What are the prime factors of d(5)?
2, 3
Let r = -549 + 1201. Let a = -411 + r. What are the prime factors of a?
241
Let x(z) be the second derivative of 17*z**3/6 - 3*z**2 + 24*z. Let s = 7 + -6. What are the prime factors of x(s)?
11
Suppose -63178 = -28*h + 619322. List the prime factors of h.
3, 5, 13
Let h be (5 - (4 - -4)) + 861. Suppose 3*o - h = -10*o. List the prime factors of o.
2, 3, 11
Let i(j) = -36*j**3 + 3*j**2 - 3*j - 7. Let m be i(-4). Suppose 17*n - 9815 = m. What are the prime factors of n?
2, 179
Let z(l) = -15*l**2 + 33 - 27*l**2 + l**3 + 104*l - 30*l + 11*l**2. What are the prime factors of z(29)?
7, 71
Suppose -5*l + 5*s + 5 = 0, 4*l - 2*s + 20 = -6*s. What are the prime factors of (-1422)/12*l/1?
3, 79
Suppose -4*g + 3*j + 2*j + 72740 = 0, 3*g - j = 54544. Let w be g/75 + 1 + (-14)/10. Suppose 0 = -3*b - 17 + w. What are the prime factors of b?
3, 5
Let r(h) = 35*h**3 + 8*h**2 + 18*h - 36. List the prime factors of r(7).
12487
Suppose 6*f = 5*j + 2*f + 1379, -5*f = -4*j - 1105. Let r = -147 - j. List the prime factors of r.
2
Let f = 22032 - 13985. What are the prime factors of f?
13, 619
Suppose 0 = n - 0*n - 26*n + 275225. List the prime factors of n.
101, 109
What are the prime factors of (-7286)/(-2)*(104/(-65))/(12/(-15))?
2, 3643
Let j = 41056 - 35329. What are the prime factors of j?
3, 23, 83
List the prime factors of (3355 + -30)*10/7.
2, 5, 19
Let h(j) = -j**3 - 9*j**2 + 11*j + 15. Let d be h(-10). Suppose -10*l + v = -6*l - 572, 700 = 5*l - d*v. List the prime factors of l.
2, 3
Let o be 5 - ((-3)/(-1) + -1). Suppose -o*p - 9 + 18 = 0. Suppose -p*u - 3*g + 643 = -7*g, -4*u + g = -840. List the prime factors of u.
11, 19
Suppose 3*l - 3 = 2*l. Let w be -3900*(24/15)/(-4). Suppose -l*c - 10*c = -w. List the prime factors of c.
2, 3, 5
Let y = 5812 - 964. What are the prime factors of (15/2)/(-5)*y/(-36)?
2, 101
Let h(k) = 12*k + 214. Let m be h(31). Suppose 0 = 2*f - 64 + 8. List the prime factors of m/7 + 8/f.
2, 3, 7
Suppose -61*z - 102 = -55*z. Suppose -4*s + 2 = t, 4*t - 3*s - 29 = 2*s. Let p = t - z. What are the prime factors of p?
23
Suppose 94*q - 333408 = 25*q. List the prime factors of q.
2, 151
Suppose -38443*r = -38439*r - 36188. What are the prime factors of r?
83, 109
Let u = -11 - -13. Let r(v) be the first derivative of 8*v**3/3 - 3*v**2 + 5*v + 24. List the prime factors of r(u).
5
Let u(a) = -5*a + 14*a + 4 + 8*a - a**2 + 2*a. Let o be u(19). Suppose -2*f + 265 = 3*b + 2*b, 3*b - o*f = 133. What are the prime factors of b?
3, 17
Let v(h) = -2 + 3*h**2 - 10 - 2*h**2 + 2*h - 3. Let d be v(12). Suppose 0 = 4*p + k - d + 13, 2*p - 76 = -2*k. What are the prime factors of p?
2, 17
Let f(m) = 204*m**2 + 0*m + 19 - m - 202*m**2. List the prime factors of f(-21).
2, 461
Suppose -3*n + 8 - 26 = 0, 5*s + 3*n = 52797. What are the prime factors of s?
3, 7, 503
Let z be (2 - (-45)/(-12))*(12 + 104). Let r = z + 382. List the prime factors of r.
179
Let g(i) = 2*i**2 - 21*i + 10. Let p be g(10). Suppose p = -3*u + 49 - 40. Suppose -r = 3, u*n - 2*r - 822 = -0*r. What are the prime factors of n?
2, 17
Let y = -76 + 267. Suppose 1915 = 5*h + 5*k, 5*k + 2096 = 5*h + y. Suppose 0 = 6*l + h - 1078. What are the prime factors of l?
2, 29
Let x = -63 + 169. Let r = -40 + x. Suppose 0 = 6*g - r - 96. List the prime factors of g.
3
Suppose -10*h + 13*h + 10 = 4*o, -5*h = -5*o + 10. Let x(u) = 225*u**3 + 3*u**2 - 2*u - 6. What are the prime factors of x(h)?
2, 17, 53
Let q(n) = -55*n + 545. What are the prime factors of q(-46)?
3, 5, 41
Let f be 2018/4 + (7 + -2)/(-10). Suppose -f = -p - 5*p. List the prime factors of p.
2, 3, 7
Suppose 11*n + 22429 = 13*n + 3*s, 4*n = -2*s + 44830. List the prime factors of n.
2, 2801
Let q(x) = x**3 - 24*x**2 + 4*x + 18. Let l be q(11). Let z = 2473 + l. List the prime factors of z.
2, 13, 37
Let m be (-2 - 1)/6*(2 - 1300). Let k = -135 + m. What are the prime factors of k?
2, 257
Suppose -65*j + 1908 = -56*j. Let x = 93 + j. What are the prime factors of x?
5, 61
Suppose d - 3*d + 82 = 0. Let a = d + 127. List the prime factors of a.
2, 3, 7
Suppose 3*s - 2*j = 5032, 3*j = 3*s + 5*j - 5048. What are the prime factors of s?
2, 3, 5, 7
Let u = 108190 - 54862. What are the prime factors of u?
2, 3, 11, 101
Let n = 243 - 236. Let d(t) = 3*t**2 - 12*t + 9. List the prime factors of d(n).
2, 3
Let i(l) = l**2 - 34*l + 34. Let q be i(32). List the prime factors of 918/7*(37 + q).
2, 3, 17
Let o(j) = -7*j + 8*j - 4*j**2 + 9*j + 7 + j**3 - 3*j**3. Let h be (-64)/(-48)*9/(-2). List the prime factors of o(h).
5, 47
Let i = 908 - 903. Suppose -2220 = -3*w + g, 5*w - 8*w - i*g = -2220. What are the prime factors of w?
2, 5, 37
Let k be (15 + -14)*(144 - 3). Let y(q) = -4*q**2 - 8*q - 5. Let o be y(-5). Let a = o + k. List the prime factors of a.
2, 19
Suppose -13*i - 144 = -29*i. What are the prime factors of (307 + i)/(1 + 0)?
2, 79
Suppose -4*c + 0*c = -20. Suppose 203 = 2*d - c*v, -d - 112 = -2*d - v. Suppose 5*t = -2*f + 203, -4*f + 3*f = -5*t - d. List the prime factors of f.
2, 13
Suppose m - 165 = t, -20*t + 25*t = 10. List the prime factors of m.
167
Let o(p) = -32*p**2 + 83*p + 17. Let r(y) = 16*y**2 - 42*y - 10. Let j(i) = -6*o(i) - 11*r(i). What are the prime factors of j(-7)?
2, 3, 29
Let l be ((-9)/(-4))/(6/16). Suppose 2*a - l = -4. Let w = a + 89. What are the prime factors of w?
2, 3, 5
Suppose 0 = -4*w - 3*z + 3496, 5*w - 3*z = 3376 + 1021. What are the prime factors of w?
877
Let c(n) be the first derivative of 4*n**3/3 + 5*n**2 - 52*n + 65. List the prime factors of c(-16).
2, 7, 29
Let b = 36 - 34. Let f be (4/(-14))/(b/14). List the prime factors of (454/(-4))/(f/4).
227
Let u be (-326)/10 + 26/(-65). Let f = -34 - u. What are the prime factors of f/(((-6)/(-63))/(-2))?
3, 7
Let l(f) = -2*f**2 + 55*f - 20. Let p = -350 + 371. List the prime factors of l(p).
11, 23
Let q(s) = s**3 + 24*s**2 + 36*s - 32. Let x be q(-19). Suppose i + 4*w = 7*w + 376, 3*i + 4*w - x = 0. What are the prime factors of i?
367
Let f be (-56)/14 + (0 - -6). Suppose 0 = -f*v + j + 903 - 133, -3*v + 2*j = -1156. What are the prime factors of v?
2, 3
List the prime factors of 44228/5*((-6)/(-4) + 1).
2, 11057
Suppose 5*g - 11 + 31 = 5*h, -3*h = -4*g - 13. Let z(y) = 16*y**3 + 5*y**2 - 9*y + 17. List the prime factors of z(h).
467
Let l(p) = 2*p**3 - 31*p**2 + 716*p + 157. What are the prime factors of l(29)?
2, 13, 839
Let p(q) = 39*q**2 + 13*q + 3. Let g be p(-3). Let s = g - 166. What are the prime factors of s?
149
Let q = 31 - 29. Suppose -q*f = 2*f - 16. What are the prime factors of 574/f - 9/18?
11, 13
Let f(j) = j**3 - 20*j**2 - j + 27. Let w be f(20). Let z = -7 + w. Suppose 3*i - u - 684 = 0, z*i - 2*u = 3*i - 675. List the prime factors of i.
227
Let i = 255 - 222. Let p = 1157 + i. List the prime factors of p.
2, 5, 7, 17
Let n be -2 + 2 - -6*62. Let j = -371 - -183. Let x = n + j. List the prime factors of x.
2, 23
Let c(v) = 2*v**2 + v + 2. Let b(l) = 79*l**2 - 3*l. Let n(r) = b(r) + 2*c(r). List the prime factors of n(-2).
2, 13
List the prime factors of 3/(-12)*0 + 2690.
2, 5, 269
Let i = -57 - -59. Suppose -1849 = -4*c + t + 4*t, -t = i*c - 907. List the prime factors of c.
2, 3, 19
Let d(g) = -3*g + 8 + 7*g**2 + 26 - 34. What are the prime factors of d(4)?
2, 5
Suppose -8*x = 232*p - 234*p + 16988, -8508 = -p - 3*x. What are the prime factors of p?
2, 3, 13, 109
Let x = -7343 + 11246. List the prime factors of x.
3, 1301
Let z(n) = 413*n**3 - n**2 - 3*n + 3. Let y be z(1). Let l = y - 102. List the prime factors of l.
2, 5, 31
List the prime factors of (-9 - 44)/(2/(-828)*3).
2, 3, 23, 53
Suppose -5*r = v - 3, -r - 3 = -0*v - v. Let o(b) = 7*b**2 - 6*b + 20. List the prime factors of o(v).
5, 13
Let l(w) = 34*w**2 - 93*w - 5. Let n be l(-5). Suppose -a - 3*t + n = 0, 3*t = -17*a + 12*a + 6502. List the prime factors of a.
2, 